24*m - 6 - 14*m. What is the remainder when ((-53)/4)/(1/(-4)) is divided by j(-3)?
17
Let m(g) = -3*g + 165. Calculate the remainder when m(-4) is divided by 8.
1
Let d(r) = -r**3 - 36*r**2 - 35*r + 59. What is the remainder when 117 is divided by d(-35)?
58
Let s(b) = 3*b. Let p be s(15). Let m = p + -34. What is the remainder when 4/((4/27)/2) is divided by m?
10
Suppose 27 = 4*z - 125. Suppose -4*l + 386 = -z. Suppose 4*f - 40 = -5*m + 43, 5*m + l = 3*f. What is the remainder when f is divided by 15?
12
Let m = -108 + 163. Suppose -25*v + 275 = -75. What is the remainder when m is divided by v?
13
Let d(i) = 2*i**2 + 8*i - 21. Calculate the remainder when d(-10) is divided by 55.
44
Suppose -56*y + 76*y = 620. What is the remainder when 91 is divided by y?
29
Let i be 0 + -2 + 11 + -1. Suppose i*s - 3*s - 70 = 0. Calculate the remainder when 882/34 - 53/(-901) is divided by s.
12
Let h = -4 + 7. Suppose a - 2*a = 2*u - 121, -h*u - a + 179 = 0. Let f(s) = 2*s**3 - 24*s**2 + 30. Calculate the remainder when u is divided by f(12).
28
Let d(l) be the second derivative of l**4/4 + 2*l**3/3 + l**2 - 17*l. What is the remainder when 65 is divided by d(-4)?
31
Let s = 6 + -4. Suppose -86 + s = -2*u. What is the remainder when u is divided by 24?
18
Let r = 2477 - 2316. What is the remainder when r is divided by 15?
11
Suppose 171 = 4*b + g - 4*g, -5*g + 170 = 5*b. Let c = 18273 - 18263. Calculate the remainder when b is divided by c.
9
Let u(j) = 2*j**2 + 3*j - 3. Let i be u(-3). Suppose 0 = -11*s + i*s + 330. Calculate the remainder when s is divided by 17.
15
Suppose 8*z = 9*z - 6. Suppose -3*j + z = 0, n + 11 = 3*j + 33. What is the remainder when 111 is divided by n?
27
Let f be 238/(-8) - 4/16. Let y be 3/(-3*(-2)/f). What is the remainder when 18 is divided by (-100)/y - 2/(-6)?
4
Let g = -134 - -160. Calculate the remainder when 70 is divided by g.
18
Let a(w) = 4*w - 3. Let i be (12/(-3)*2)/(-2). Suppose 4*d + 88 = -j + 3*j, -j - 3*d = -24. Calculate the remainder when j is divided by a(i).
10
Let v(w) = w**3 - w**2 - w + 11. Suppose 4*h = 2*h. Let n(j) = -j**2 - 68*j + 370. Calculate the remainder when v(h) is divided by n(5).
1
Let l = -26 + 46. Let u(m) = -2*m**3 + 40*m**2 + m + 8. What is the remainder when 54 is divided by u(l)?
26
Suppose 9*z = -3*z + 72. Calculate the remainder when (-6 - -4)*(-3)/z + 65 is divided by 23.
20
Let h = 25 - 19. Let l = -6 + h. Suppose 0 = d - l*d - 23. Calculate the remainder when d is divided by 6.
5
Let k = 190 + -170. What is the remainder when 62 is divided by k?
2
Suppose -3*a + 857 = z - 6*a, 0 = -4*z - a + 3441. Suppose -h = 4*h - z. Calculate the remainder when h is divided by 35.
32
Let u be (1760/(-14) - -2) + (-2)/7. Let p = -94 - u. What is the remainder when 82 is divided by p?
22
Let z = -11 + 19. Let r(g) = 9*g - 1. Let h be r(3). Let t = h - 4. What is the remainder when t is divided by z?
6
Suppose 1 = -i - 3, 2*k - 10 = -4*i. Calculate the remainder when 752/20 + (-6)/(-15) is divided by k.
12
Let t(f) = 3*f**3 + 9*f**2 + 7*f - 3. Let h(u) = -u**3 + u + 1. Let s(w) = -2*h(w) - t(w). What is the remainder when s(-8) is divided by 4?
1
Suppose -1619 = 83*w - 7512. Let t(z) = 25*z**2. Calculate the remainder when w is divided by t(-1).
21
Let o be 160 + 0 + 2 + 2. Suppose 4*h - 684 + o = 0. What is the remainder when h is divided by 45?
40
Let f(t) = -t**3 - 4*t**2 - 6*t + 14. Let g be f(-7). Let p = g + -98. What is the remainder when p is divided by 37?
31
Suppose -2*s + 4*v - 8*v + 58 = 0, -3*s + 2*v + 47 = 0. Calculate the remainder when s is divided by 6.
1
Let t(s) = -2*s**3 + 30*s**2 - 23*s - 34. What is the remainder when 89 is divided by t(14)?
17
Suppose -7*q + 6*q = -487. Suppose 4*b = -v + q, -v + 0*v + 245 = 2*b. Calculate the remainder when b is divided by (124/10)/(2/5).
28
Suppose -5*h - 77 = -382. Let s = 127 - h. Suppose 0 = d - 0*d - 17. Calculate the remainder when s is divided by d.
15
Suppose -723 = -5*b - 298. What is the remainder when b is divided by 47?
38
Let j(f) = 8*f**2 - f + 1. Let a(t) = -t + 40. Let l be a(0). Suppose 5*v - 36 - l = 4*u, -3*u + 67 = 4*v. Calculate the remainder when j(2) is divided by v.
15
Let b = 56 - 27. Let l(t) = 3 - 5*t - 6*t + t + 3. Calculate the remainder when l(-8) is divided by b.
28
Let c = 37 - -33. What is the remainder when (112/(-40))/((-4)/c) is divided by 17?
15
Suppose 29*c = -8*c + 148. Calculate the remainder when 245 is divided by c.
1
Suppose 6*m = m + 110. What is the remainder when m is divided by 5 + ((-4)/28 - 24/28)?
2
Suppose 9 = 3*x - 12. Let i = 25 - x. Let h = -44 - -54. Calculate the remainder when i is divided by h.
8
Suppose -7*x + 8 = -104. Calculate the remainder when 15/(-30) - (-93)/2 is divided by x.
14
Let j(h) = 5*h + 38. Let s = 34 - 41. What is the remainder when 6/(-2)*(-7 + 4) is divided by j(s)?
0
Let t = 4 + -4. Suppose -5*w + j = -20, t*j = -2*w + 2*j + 16. Suppose -97 = -3*b - 2*z, -2*b + z + w*z + 54 = 0. What is the remainder when b is divided by 16?
15
Let w be (40/14)/(12/42). Let f be (-28)/(-10) + 2/w. Suppose -f*o + 2*m + 18 = -2*o, -10 = 2*m. What is the remainder when 28 is divided by o?
4
Suppose -3*b = 15, -l = 19*b - 18*b - 175. Calculate the remainder when l is divided by 21.
12
Suppose u = -5*s + 510, -s + 2*s - 113 = 2*u. What is the remainder when s is divided by 64?
39
Let z(i) = -3*i + 1. Let g = 18 + -26. Calculate the remainder when z(g) is divided by 15.
10
What is the remainder when ((-804)/(-20) - -2) + 2/(-10) is divided by 13?
3
Let t = 9 - 9. Suppose -4*w + t*w = 0. Suppose 2*v + w*v - 26 = 0. Calculate the remainder when 37 is divided by v.
11
Suppose 50 - 138 = 4*w. Let h = -16 - w. Suppose 2*l - 48 = -h. Calculate the remainder when 83 is divided by l.
20
Suppose 0 = -0*o - 2*o + 6. Suppose 5*b = -0*t - 2*t + 142, o*b - 5*t = 79. Suppose 32 + 292 = 3*n. Calculate the remainder when n is divided by b.
24
Let o be 0 - -1 - 60/(-15). Suppose -4*d + 18 = -0*l + 3*l, 0 = 5*l + 5*d - 25. Calculate the remainder when l is divided by ((0 - 2)*5/o)/(-2).
0
Let r be (2 + -2)/(1 - 0). Let h(w) = -6*w**2 - 79*w + 5. Let g be h(-13). Let m = r + g. What is the remainder when 33 is divided by m?
15
Suppose j = 0, 0*k - 4*j - 6 = -3*k. Suppose -2*x + x + 7 = 0. Calculate the remainder when x is divided by k.
1
Suppose 5*m + 99 = 4*r, 0 + 5 = m. Suppose -280 = -5*b + 13*h - 8*h, 0 = 3*b - 4*h - 164. What is the remainder when b is divided by r?
29
Let r = -57 - -75. What is the remainder when r is divided by (-5)/(-2)*56/20?
4
Let p(c) = 217*c**2 + 5*c - 1. Calculate the remainder when p(-1) is divided by 29.
8
Suppose g + 5 - 21 = 0. Let b = -1266 + 1266. Suppose b = -19*u + g*u + 54. Calculate the remainder when 105 is divided by u.
15
Suppose -2*d = 5*t - 20, 5*d + 3*t = -2*t + 35. Let z(w) = 4*w**2 - 2*w - 15. Calculate the remainder when z(d) is divided by 38.
37
Let j(x) = 3*x**2 - 6*x + 9. Suppose z - 40 = -3*z - 3*t, 0 = -4*t - 16. Let f = z - 9. Calculate the remainder when j(f) is divided by 9.
6
Suppose 0 = -m - 2*m + 12. Suppose -r + m = -5*r. Calculate the remainder when 2 - r - 1 - -41 is divided by 11.
10
Let v(m) = m**2 + 26*m - 37. Calculate the remainder when v(-31) is divided by 31.
25
Suppose 12 = -3*i, -52*u + 55*u - 2*i = 131. Calculate the remainder when u is divided by 21.
20
Let x = -2 - -5. Suppose -3*s + 90 = -x*c, 3*s + 3*c - 16 = 56. Let z = -6 - -16. Calculate the remainder when s is divided by z.
7
Suppose 0 = -w + 17 - 14. Let m = -1 + 2. Suppose 0 = -3*b + 2*b + m. What is the remainder when w is divided by b?
0
Let t = 230 + -185. What is the remainder when 130 is divided by t?
40
Suppose 15 = -3*r - 3*u, -r = -6*r - 2*u - 13. Calculate the remainder when 58 is divided by r*1*21/(5 + -6).
16
Suppose 13 = c - 5*s - 19, s = 3*c - 166. Calculate the remainder when 184 is divided by c.
13
Suppose -21*m - 78 = -22*m. What is the remainder when 309 is divided by m?
75
Suppose x + 3*y = 31, -7*y + 109 = 3*x - 2*y. Suppose 4*s - 44 = z, 3*z = -s - 0 + 11. What is the remainder when x is divided by s?
10
Suppose 10*h + 246 = -254. Let y = h + 78. What is the remainder when y is divided by 8?
4
Let o be (-10)/((-2)/((5 + -3)/2)). Suppose -46 = -4*m